late the remainder when 102864 is divided by 38.
36
What is the remainder when 7584 is divided by 1083?
3
What is the remainder when 33435 is divided by 138?
39
What is the remainder when 8834811 is divided by 93?
90
What is the remainder when 16953 is divided by 29?
17
What is the remainder when 58515 is divided by 90?
15
Calculate the remainder when 36382 is divided by 21.
10
What is the remainder when 27797 is divided by 2312?
53
What is the remainder when 40100 is divided by 56?
4
Calculate the remainder when 26987 is divided by 1799.
2
What is the remainder when 54240 is divided by 402?
372
Calculate the remainder when 196748 is divided by 66.
2
What is the remainder when 240 is divided by 107?
26
Calculate the remainder when 4190 is divided by 233.
229
What is the remainder when 653021 is divided by 4186?
5
Calculate the remainder when 8409 is divided by 50.
9
Calculate the remainder when 3770 is divided by 79.
57
Calculate the remainder when 240020 is divided by 119.
116
Calculate the remainder when 25781 is divided by 25780.
1
Calculate the remainder when 3547 is divided by 235.
22
What is the remainder when 24649 is divided by 4090?
109
What is the remainder when 27873 is divided by 9222?
207
What is the remainder when 128932 is divided by 568?
564
What is the remainder when 365 is divided by 241?
124
Calculate the remainder when 59226 is divided by 1849.
58
Calculate the remainder when 98829 is divided by 49408.
13
What is the remainder when 100876 is divided by 33492?
400
Calculate the remainder when 13225 is divided by 71.
19
What is the remainder when 52009 is divided by 473?
452
Calculate the remainder when 14687 is divided by 12.
11
What is the remainder when 1101 is divided by 275?
1
What is the remainder when 8737 is divided by 107?
70
Calculate the remainder when 650583 is divided by 54215.
3
What is the remainder when 17217 is divided by 46?
13
What is the remainder when 6612 is divided by 3254?
104
Calculate the remainder when 879 is divided by 148.
139
Calculate the remainder when 2871 is divided by 477.
9
Calculate the remainder when 562347 is divided by 427.
415
What is the remainder when 7049 is divided by 835?
369
Calculate the remainder when 3909 is divided by 204.
33
Calculate the remainder when 2273637 is divided by 10.
7
What is the remainder when 1029247 is divided by 47?
41
What is the remainder when 9781 is divided by 32?
21
Calculate the remainder when 197 is divided by 153.
44
What is the remainder when 5050 is divided by 47?
21
Calculate the remainder when 2870 is divided by 12.
2
Calculate the remainder when 1458 is divided by 76.
14
Calculate the remainder when 1511570 is divided by 68.
66
Calculate the remainder when 15273 is divided by 204.
177
What is the remainder when 2144 is divided by 443?
372
What is the remainder when 235301 is divided by 102?
89
What is the remainder when 275632 is divided by 68903?
20
What is the remainder when 23913 is divided by 1964?
345
Calculate the remainder when 952 is divided by 415.
122
What is the remainder when 5004 is divided by 582?
348
Calculate the remainder when 1706083 is divided by 17.
14
Calculate the remainder when 2299917 is divided by 105.
102
What is the remainder when 7991 is divided by 80?
71
What is the remainder when 4558 is divided by 1851?
856
What is the remainder when 4521 is divided by 265?
16
Calculate the remainder when 578 is divided by 54.
38
What is the remainder when 194413 is divided by 58?
55
What is the remainder when 48293 is divided by 1069?
188
What is the remainder when 314 is divided by 122?
70
What is the remainder when 33035 is divided by 320?
75
What is the remainder when 179384 is divided by 132?
128
What is the remainder when 53699 is divided by 274?
269
Calculate the remainder when 171274 is divided by 10.
4
What is the remainder when 9395 is divided by 336?
323
Calculate the remainder when 3619 is divided by 3419.
200
Calculate the remainder when 63136 is divided by 308.
304
What is the remainder when 572 is divided by 85?
62
Calculate the remainder when 69686 is divided by 410.
396
Calculate the remainder when 2266 is divided by 18.
16
What is the remainder when 158255 is divided by 28?
27
Calculate the remainder when 80765 is divided by 40381.
3
What is the remainder when 783 is divided by 16?
15
What is the remainder when 2333 is divided by 481?
409
Calculate the remainder when 1847038 is divided by 39.
37
What is the remainder when 43734 is divided by 61?
58
Calculate the remainder when 420 is divided by 282.
138
What is the remainder when 18898 is divided by 209?
88
Calculate the remainder when 300246 is divided by 24.
6
What is the remainder when 1933031 is divided by 538?
535
Calculate the remainder when 28276 is divided by 22.
6
Calculate the remainder when 208429 is divided by 2.
1
Calculate the remainder when 164862 is divided by 435.
432
Calculate the remainder when 61310 is divided by 10.
0
What is the remainder when 28310 is divided by 120?
110
What is the remainder when 14330 is divided by 111?
11
What is the remainder when 3956 is divided by 72?
68
What is the remainder when 184994 is divided by 151?
19
What is the remainder when 772 is divided by 12?
4
Calculate the remainder when 255517 is divided by 24.
13
What is the remainder when 14208 is divided by 4721?
45
Calculate the remainder when 1443553 is divided by 1153.
1150
Calculate the remainder when 8509 is divided by 21.
4
What is the remainder when 2107 is divided by 1036?
35
Calculate the remainder when 5133 is divided by 2556.
21
Calculate the remainder when 3523 is divided by 3495.
28
Calculate the remainder when 67837 is divided by 132.
121
What is the remainder when 29180 is divided by 34?
8
What is the remainder when 453304 is divided by 903?
901
Calculate the remainder when 67930 is divided by 1132.
10
What is the remainder when 50758 is divided by 16892?
82
What is the remainder when 3670 is divided by 209?
117
What is the remainder when 811 is divided by 266?
13
What is the remainder when 6583 is divided by 412?
403
Calculate the remainder when 24369 is divided by 78.
33
Calculate the remainder when 113971 is divided by 247.
104
Calculate the remainder when 122181 is divided by 55.
26
Calculate the remainder when 13641 is divided by 2725.
16
What is the remainder when 8771 is divided by 57?
50
What is the remainder when 827 is divided by 69?
68
What is the remainder when 40087 is divided by 156?
151
What is the remainder when 723384 is divided by 65760?
24
What is the remainder when 431095 is divided by 94?
11
What is the remainder when 2317 is divided by 232?
229
What is the remainder when 9577 is divided by 80?
57
What is the remainder when 2880 is divided by 1329?
222
What is the remainder when 13683 is divided by 4276?
855
Calculate the remainder when 115870 is divided by 229.
225
What is the remainder when 68532 is divided by 252?
240
Calculate the remainder when 10399 is divided by 1199.
807
Calculate the remainder when 10905 is divided by 1209.
24
What is the remainder when 56735 is divided by 4048?
63
What is the remainder when 10177 is divided by 13?
11
What is the remainder when 28028 is divided by 4001?
21
Calculate the remainder when 24996 is divided by 472.
452
What is the remainder when 381441 is divided by 84?
81
Calculate the remainder when 439838 is divided by 219911.
16
Calculate the remainder when 12476 is divided by 457.
137
Calculate the remainder when 1533649 is divided by 50.
49
Calculate the remainder when 17903 is divided by 5872.
287
Calculate the remainder when 47935 is divided by 510.
505
What is the remainder when 113607 is divided by 28388?
55
Calculate the remainder when 22071 is divided by 26.
23
Calculate the remainder when 51209 is divided by 388.
381
What is the remainder when 1281 is divided by 340?
261
Calculate the remainder when 25314 is divided by 4218.
6
Calculate the remainder when 12772 is divided by 142.
134
What is the remainder when 154111 is divided by 47?
45
Calculate the remainder when 15725 is divided by 1138.
931
What is the remainder when 10834 is divided by 55?
54
What is the remainder when 9276 is divided by 381?
132
What is the remainder when 2149 is divided by 307?
0
What is the remainder